 + 10. Calculate the remainder when k(-10) is divided by s.
14
Suppose 13 = 7*p - 36. Let u be (-4)/(-22) - (-658)/11. Suppose 2*y = p*y - u. Calculate the remainder when 47 is divided by y.
11
Let c = -22 - -5. Let x = c - -22. Suppose 92 = x*b + v, -62 = -7*b + 3*b + 5*v. What is the remainder when b is divided by 11?
7
Suppose -39*t = -45*t + 90. Suppose -t*z + 35 = -10*z. What is the remainder when (-14)/(-5)*(-20)/(-8) is divided by z?
0
Suppose -18327 = -64*g + 29865. What is the remainder when g is divided by 42?
39
Let m = 4 + -3. Let w be 5 + 2 + (m - -1). Calculate the remainder when 35 is divided by (w/4)/(15/120).
17
Let s(a) = -a**3 + 3*a**2 + 2*a + 14. Let x be s(4). Let p be (2 + 1*-11)*-1. Suppose x*t = 27 + p. What is the remainder when 25 is divided by t?
1
Let p(q) = q**3 - 52*q**2 + 140*q + 375. Calculate the remainder when 3340 is divided by p(49).
12
Suppose -3*a - 2*q = -288, 203 = -0*a + 2*a + 5*q. Let m = 171 - a. Let t = m + -32. What is the remainder when 131 is divided by t?
41
Suppose -5*q + k + 1584 = -869, 0 = -3*q + 5*k + 1441. What is the remainder when q is divided by 21?
9
Let x(n) = n**3 - 191*n**2 - 11*n + 2108. Let j(k) = 73*k**2 + 2*k - 1. Calculate the remainder when j(1) is divided by x(191).
4
Let h = 1550 - -532. Calculate the remainder when 32/(-12)*h/(-8) is divided by 87.
85
Let f = 1409 - 1244. What is the remainder when 795 is divided by f?
135
Let z(h) be the third derivative of -21*h**2 + 1/15*h**5 + h**3 - 1/120*h**6 + 0 + 0*h - 1/24*h**4. Calculate the remainder when 42 is divided by z(3).
6
Suppose 3497*w = 3529*w - 1092640. Calculate the remainder when w is divided by 126.
125
Let r(z) = -z**3 + 44*z**2 + 53*z - 354. Let n be 23 + (-2)/(-2)*3. Calculate the remainder when (3/2)/(1/n) is divided by r(45).
3
Suppose 5*t + 10 = 0, 1364*t - 1369*t = 3*z - 1988. What is the remainder when z is divided by 37?
0
Let v(w) = 2*w**2 - 2*w + 1. Let s be v(3). Suppose 651 + 597 = s*c. What is the remainder when 285 is divided by c?
93
Let j be (-18)/(-4)*48/(-72). Let b be j/(-6) + 42/(-4) + 4. Calculate the remainder when 55 is divided by (b + 7)/(3/57).
17
Let z = -1976 - -3974. Suppose 2*x = -7*x + z. Calculate the remainder when x is divided by 16.
14
What is the remainder when -1 + 1352 + 4 + 10 is divided by 24?
21
Let c = -263 + 248. Calculate the remainder when 8 is divided by ((-3)/9*-15)/(c/(-18)).
2
Suppose -52*f - 1728 = -84*f. What is the remainder when 2435 is divided by f?
5
Suppose -2*h = -99 - 779. Suppose -x = -h - 264. Calculate the remainder when x is divided by 22.
21
Let m = 2579 + -2477. Calculate the remainder when 2129 is divided by m.
89
Let u(l) = -l**2 - 16*l + 27. Suppose 5*s = 2*j + 32, 0 = -0*j + 3*j + 3*s + 48. Calculate the remainder when 65 is divided by u(j).
11
Suppose -5*s + 104 = o, -960*s = 3*o - 964*s - 312. Calculate the remainder when 2807 is divided by o.
103
Let b be 9/12*-12 + 9. Suppose -37*i + 0*i + 3145 = b. Calculate the remainder when i is divided by 10.
5
Let f = -27 - -198. Let z = -134 + f. Calculate the remainder when 181 is divided by z.
33
Suppose -14 = 9*w - 10*w. Let s = 21 - w. Calculate the remainder when -2 - (-4)/(16/108) is divided by s.
4
Let w = 32 - 8. Let k = 111097 - 110989. Calculate the remainder when k is divided by w.
12
Suppose 10*v + 21 = -3*i + 5*v, 24 = -4*v. What is the remainder when 569 is divided by i?
2
Calculate the remainder when ((-12)/(-12))/(((-5)/(-2697))/5) is divided by 225.
222
Suppose 0 = -30*j + 29*j - 8, 4*a + j = 2944. Calculate the remainder when a is divided by 48.
18
Let g be 75/10*(-2)/(-3). Let v = 3276 + -3203. Calculate the remainder when v is divided by 2 - 2 - -3*g.
13
Let o be -52*15/20*-2. Let a = o - 52. Calculate the remainder when 76 is divided by a.
24
Let w(s) = -3*s**3 + 110*s**2 - 75*s + 120. What is the remainder when 22 is divided by w(36)?
10
Suppose -v = -j - 24, -68*j + 18 = v - 72*j. Calculate the remainder when 1032 is divided by v.
18
Suppose 3*o = 19*u - 14*u - 2094, 0 = 5*u - 4*o - 2097. Suppose 3*s + s = 152. What is the remainder when u is divided by s?
37
Let f = 96 + -89. Suppose f*y - 13*y = -18. Suppose -15 = -y*m, 4*m = 4*s - 3*s - 12. What is the remainder when s is divided by 9?
5
What is the remainder when 3603 is divided by 8 + 754/(-87) - 303/9*-1?
6
Suppose 15 = -26*h + 21*h. Let b(f) = 185*f - 1. Let m be b(-3). What is the remainder when h*m/12 - 4 is divided by 34?
33
Suppose -372*o + 24935 + 26081 = 8980. What is the remainder when 11299 is divided by o?
112
Let y = 62 - 28. Let h(l) = -l**2 + 11*l + 20. Let t be h(14). Let i = y + t. Calculate the remainder when 23 is divided by i.
11
Suppose 5*s + 3*j = 51 + 181, -5*s + 233 = 2*j. Let t = 22 - 20. Suppose -23 = -t*a + 11. Calculate the remainder when s is divided by a.
13
Suppose -5*x + 1737 = 5*y - 68, -385 = -x - 5*y. What is the remainder when 1451 is divided by x?
31
Let d = 215 - 50. Let q be (2 - -56)/(0 + (-6)/9). Let w = d + q. What is the remainder when w is divided by 20?
18
Suppose 69*c - 14093 = 4537. What is the remainder when 546 is divided by c?
6
Let u(r) = 71*r - 420. Calculate the remainder when 76 is divided by u(6).
4
Let a(s) = 3*s**2 - 40*s - 58. Calculate the remainder when a(-14) is divided by 13.
11
Suppose 210*p = 201*p + 162. Calculate the remainder when (-5050)/(-130) - (p/(-39))/3 is divided by 0 + 12 + (4 - 2).
11
Let a(d) = -d**3 + 27*d**2 - d + 50. Suppose -k = 59 + 13. Let z = k - -99. Calculate the remainder when a(z) is divided by 4.
3
Suppose -484 = -4*n + 516. Let v = 436 - n. Calculate the remainder when v is divided by 47.
45
Suppose -48*g = -51*g - 252. Let n = g + 98. Let j = 89 - 49. What is the remainder when j is divided by n?
12
Let v(j) = 2*j - 17. Let h be v(13). Suppose 63 = -h*y + 405. What is the remainder when y is divided by (-2 - (-2)/(-3))/(16/(-72))?
2
Let d = 27101 + -27087. Let y be 92 - -1 - (-3 - -2). Let x = y - 53. Calculate the remainder when x is divided by d.
13
Let h(q) = 21*q**2 + 249*q + 1724. Calculate the remainder when h(-7) is divided by 251.
6
What is the remainder when 144/264 + (-4652)/(-22) is divided by 18?
14
Let b be (-36)/(-9) + -357 + 4. Let y = b + 468. What is the remainder when y is divided by 36?
11
Let o be ((3/2)/((-24)/(-6368)))/2. Suppose 148 = 3*d + 5*b, 0 = -46*d + 50*d + 5*b - o. Calculate the remainder when d is divided by 26.
25
Suppose -208*o + 4*d + 476 = -203*o, -5*o - 5*d + 440 = 0. What is the remainder when 2109 is divided by o?
85
Let n = 19873 - 19839. Calculate the remainder when 730 is divided by n.
16
What is the remainder when ((-96)/128)/((-11)/133452) is divided by 14?
13
Suppose 752 = 102*r - 55*r. Calculate the remainder when 1231 is divided by r.
15
Let r = -11480 - -11624. What is the remainder when r is divided by 71?
2
Suppose 15*s + 273 = 22*s. Suppose 2*u - 16 = -4*j, -2*u = -3*j - 5*u + 9. Suppose j*n - 344 = -s. What is the remainder when n is divided by 31?
30
Let m = 11694 + -11510. What is the remainder when 1654 is divided by m?
182
Suppose 4*i - 49 = -13. Suppose 0 = i*g - 113 - 1066. Calculate the remainder when g is divided by 33.
32
Suppose -3*z + 3*d + 69 = 0, 2*z = -24*d + 15*d + 90. Calculate the remainder when 1076 is divided by z.
23
Suppose k + 1551 = 3*j, j + 3*j = -k + 2068. What is the remainder when j is divided by 154?
55
Calculate the remainder when 1652 is divided by (-6 - 334)*(98/(-10) - -9).
20
Let x(t) = -t - 11. Let u be x(-18). Suppose 4*l + 5 = -4*d + 33, -2*d + 5*l - u = 0. Calculate the remainder when 193 is divided by (-2)/d + 57/2.
25
Let n be ((-10674)/4)/9*-2. Let u = n - 390. Calculate the remainder when u is divided by 35.
28
Suppose 0 = 26*j - 528 - 356. What is the remainder when j is divided by (0 + 7 - -2)/(-1 + 2)?
7
Suppose -8*p + 13848 = 41*p - 19031. What is the remainder when p is divided by 24?
23
Suppose -l - 3*c + 425 = -0*c, 4*l - c = 1661. What is the remainder when l is divided by 192?
32
Let u = 3802 - 3391. Calculate the remainder when u is divided by 134.
9
Let c(p) = 9*p**3 + 116*p**2 - 20*p - 20. What is the remainder when c(-13) is divided by 56?
15
Let u(w) = 2*w**3 + 3*w + 4. Let f(y) = -4*y**3 - y**2 - 5*y - 7. Let n(j) = 4*f(j) + 7*u(